it of 5547924?
5
What is the units digit of 110837?
7
What is the units digit of 9640881?
1
What is the units digit of 5207937?
7
What is the units digit of 6733904?
4
What is the tens digit of 3877392?
9
What is the hundred thousands digit of 6671490?
6
What is the ten millions digit of 20327351?
2
What is the millions digit of 4949641?
4
What is the tens digit of 1227148?
4
What is the hundred thousands digit of 3663456?
6
What is the ten thousands digit of 15255067?
5
What is the tens digit of 1661962?
6
What is the ten thousands digit of 505401?
0
What is the ten thousands digit of 9119954?
1
What is the tens digit of 5853704?
0
What is the tens digit of 5447832?
3
What is the ten thousands digit of 122087?
2
What is the ten thousands digit of 499405?
9
What is the hundreds digit of 826992?
9
What is the units digit of 223789?
9
What is the units digit of 2551198?
8
What is the thousands digit of 566200?
6
What is the units digit of 3893596?
6
What is the hundreds digit of 16356422?
4
What is the hundreds digit of 452043?
0
What is the hundreds digit of 3661142?
1
What is the tens digit of 509085?
8
What is the ten thousands digit of 2382950?
8
What is the ten thousands digit of 222293?
2
What is the tens digit of 1640020?
2
What is the ten thousands digit of 12618518?
1
What is the ten thousands digit of 95103?
9
What is the tens digit of 999562?
6
What is the hundreds digit of 2826014?
0
What is the hundreds digit of 61277?
2
What is the units digit of 169234?
4
What is the hundred thousands digit of 12706887?
7
What is the hundreds digit of 14703?
7
What is the hundred thousands digit of 337781?
3
What is the hundreds digit of 1470135?
1
What is the millions digit of 4087833?
4
What is the units digit of 1066813?
3
What is the ten thousands digit of 188898?
8
What is the tens digit of 447358?
5
What is the ten thousands digit of 11430735?
3
What is the tens digit of 276858?
5
What is the hundred thousands digit of 11710636?
7
What is the units digit of 163025?
5
What is the ten thousands digit of 433262?
3
What is the millions digit of 2327834?
2
What is the units digit of 3037427?
7
What is the thousands digit of 3152778?
2
What is the units digit of 322246?
6
What is the hundred thousands digit of 5505961?
5
What is the ten thousands digit of 10728140?
2
What is the units digit of 3166460?
0
What is the thousands digit of 8723226?
3
What is the tens digit of 311350?
5
What is the ten thousands digit of 34010?
3
What is the units digit of 104078?
8
What is the hundreds digit of 556635?
6
What is the units digit of 1410415?
5
What is the hundred thousands digit of 462215?
4
What is the units digit of 342092?
2
What is the thousands digit of 623072?
3
What is the units digit of 3562768?
8
What is the tens digit of 4215311?
1
What is the hundred thousands digit of 730826?
7
What is the hundred thousands digit of 569047?
5
What is the hundred thousands digit of 200254?
2
What is the ten thousands digit of 114246?
1
What is the thousands digit of 139372?
9
What is the hundreds digit of 6153896?
8
What is the millions digit of 7136602?
7
What is the hundred thousands digit of 1548854?
5
What is the hundreds digit of 23585425?
4
What is the hundred thousands digit of 499984?
4
What is the units digit of 7398696?
6
What is the hundred thousands digit of 6199585?
1
What is the hundreds digit of 3512659?
6
What is the thousands digit of 721901?
1
What is the hundreds digit of 120344?
3
What is the millions digit of 2363014?
2
What is the tens digit of 4279695?
9
What is the thousands digit of 2270357?
0
What is the tens digit of 271289?
8
What is the units digit of 137758?
8
What is the tens digit of 2016255?
5
What is the units digit of 19614?
4
What is the hundred thousands digit of 8464535?
4
What is the hundred thousands digit of 264271?
2
What is the units digit of 13536361?
1
What is the units digit of 115800?
0
What is the tens digit of 551456?
5
What is the thousands digit of 127489?
7
What is the units digit of 200899?
9
What is the thousands digit of 202384?
2
What is the hundreds digit of 591311?
3
What is the units digit of 1196209?
9
What is the millions digit of 3433185?
3
What is the ten thousands digit of 159347?
5
What is the hundreds digit of 1600353?
3
What is the ten thousands digit of 4166999?
6
What is the hundreds digit of 481910?
9
What is the hundred thousands digit of 3653084?
6
What is the tens digit of 486046?
4
What is the ten millions digit of 10361059?
1
What is the thousands digit of 1572930?
2
What is the hundred thousands digit of 157704?
1
What is the tens digit of 7310992?
9
What is the tens digit of 36908719?
1
What is the millions digit of 17859084?
7
What is the hundred thousands digit of 380092?
3
What is the ten thousands digit of 993487?
9
What is the millions digit of 6906523?
6
What is the ten thousands digit of 137027?
3
What is the hundreds digit of 554460?
4
What is the units digit of 22100615?
5
What is the ten thousands digit of 2074849?
7
What is the millions digit of 1047820?
1
What is the tens digit of 65443?
4
What is the millions digit of 14080111?
4
What is the tens digit of 379098?
9
What is the tens digit of 6039692?
9
What is the ten thousands digit of 1330993?
3
What is the ten thousands digit of 1593478?
9
What is the hundred thousands digit of 1232714?
2
What is the tens digit of 8793849?
4
What is the thousands digit of 2829230?
9
What is the tens digit of 1427053?
5
What is the hundreds digit of 549110?
1
What is the units digit of 998540?
0
What is the hundreds digit of 279423?
4
What is the tens digit of 195015?
1
What is the hundreds digit of 5553679?
6
What is the tens digit of 1752093?
9
What is the thousands digit of 1068354?
8
What is the units digit of 14526274?
4
What is the units digit of 2633553?
3
What is the ten thousands digit of 151199?
5
What is the thousands digit of 1048720?
8
What is the tens digit of 29595049?
4
What is the units digit of 1260510?
0
What is the millions digit of 3557178?
3
What is the hundred thousands digit of 3637110?
6
What is the hundred thousands digit of 1509804?
5
What is the ten thousands digit of 137496?
3
What is the hundred thousands digit of 5564698?
5
What is the tens digit of 178993?
9
What is the tens digit of 3130397?
9
What is the units digit of 382971?
1
What is the tens digit of 48698?
9
What is the hundreds digit of 6059346?
3
What is the tens digit of 24448875?
7
What is the units digit of 37133297?
7
What is the hundred thousands digit of 3028399?
0
What is the ten millions digit of 11645789?
1
What is the hundred thousands digit of 720725?
7
What is the hundreds digit of 3221664?
6
What is the ten thousands digit of 3095357?
9
What is the units digit of 457647?
7
What is the hundred thousands digit of 760324?
7
What is the ten thousands digit of 343430?
4
What is the tens digit of 721972?
7
What is the tens digit of 9113406?
0
What is the hundred thousands digit of 3086487?
0
What is the hundred thousands digit of 6929425?
9
What is the units digit of 2028699?
9
What is the units digit of 1072687?
7
What is the millions digit of 5321367?
5
What is the thousands digit of 441456?
1
What is the units digit of 9979385?
5
What is the units digit of 269581?
1
What is the units digit of 139834?
4
What is the hundreds digit of 258546?
5
What is the thousands digit of 42785?
2
What is the millions digit of 2203217?
2
What is the thousands digit of 209130?
9
What is the hundred thousands digit of 2487403?
4
What is the tens digit of 1094986?
8
What is the tens digit of 7073596?
9
What is the millions digit of 2542408?
2
What is the millions digit of 4235209?
4
What is the hundred thousands digit of 844481?
8
What is the hundred thousands digit of 743833?
7
What is the thousands digit of 3173369?
3
What is the thousands digit of 573215?
3
What is the hundred thousands digit of 270297?
2
What is the thousands digit of 3329392?
9
What is the tens digit of 103286?
8
What is the tens digit of 637537?
3
What is the thousands digit of 1523140?
3
What is the hundred thousands digit of 9295610?
2
What is the millions digit of 11702800?
1
What is the hundreds digit of 161839?
8
What is the tens digit of 26390436?
3
What is the thousands di